 9*j = -4*j + 1287. What is the tens digit of j?
9
Suppose 4*f - 4*o - 10 = -6*o, -5*f - 5 = -o. Suppose f*r = -2*r + 42. What is the tens digit of r?
2
What is the units digit of (-135)/(-2) - (4 - (-45)/(-10))?
8
Suppose 2*y - 17 = 5. Suppose 3*j - y - 16 = 0. What is the units digit of j?
9
Suppose l - 235 = -4*l. What is the units digit of l?
7
What is the tens digit of (2 + -6 - -53) + -3?
4
Suppose 0 = 5*v + 71 - 416. What is the units digit of v?
9
Let n = -51 + 97. Let u be (-5)/(-15) + n/6. Suppose 3 - u = -a. What is the units digit of a?
5
Let d(g) = g**2 - 7*g - 4. Let a be d(6). What is the units digit of (-414)/(-22) + a/(-55)?
9
What is the units digit of ((-105)/(-4))/(1/4)?
5
Let f(i) = i + 6. Let u be f(-6). Suppose u = 6*n - n - 5. What is the units digit of n/2*(6 + 2)?
4
Let t(n) = 13*n + 3*n + 12*n - 1. Let i be t(1). Suppose 2*c + c + 3*w - i = 0, 0 = 3*c + 5*w - 31. What is the units digit of c?
7
What is the units digit of (3 + (-2)/2)*(6 - -4)?
0
Let b(n) = n**2 + 3*n + 3. What is the units digit of b(-2)?
1
Let g = -18 - -61. What is the tens digit of g?
4
Suppose -3*m = -0*m. Let u be (-1 - m)*-2 - 4. What is the tens digit of 14/2*(4 + u)?
1
Let r be 0 + 1/(3/6). Suppose 2*q + 4*c + 2 = 0, 0*q = 2*q + 2*c - r. Suppose 4*m = h + 39, -2*h + 5 = q*h. What is the units digit of m?
0
Let h(w) = -w**3 + 14*w**2 - 4*w - 1. Let u be h(13). Suppose 5*b - 2*y = 2*y + u, b = y + 23. What is the units digit of b?
4
Let r(p) = -12*p + 12. Let j(w) = 5*w + 3. Let f(o) = 6*o + 4. Let u(s) = -4*f(s) + 5*j(s). Let g(l) = 2*r(l) + 22*u(l). What is the units digit of g(-2)?
6
Let h = 3 - 5. What is the tens digit of 4/h - (-10 + -2)?
1
Suppose 0 = 5*z - 3*z - 90. What is the units digit of 4*(z/(-6))/(-5)?
6
Suppose -3*a + 17 = -103. Suppose -77 = -3*z - 5*b, -5*z - 3*b - 62 + 201 = 0. Let w = a - z. What is the units digit of w?
1
Suppose -5*x + 284 = 4*u, 4*u + 4*x = 333 - 49. What is the units digit of u?
1
Let l(a) = 0*a - 2*a + 3*a - 5. What is the units digit of l(7)?
2
Let t(s) = 3*s + 6. Suppose 6 = 4*r - 14. What is the units digit of t(r)?
1
What is the tens digit of (-752)/(-18) - 24/(-108)?
4
Let b(o) = 6*o**2 + 2*o + 3. What is the units digit of b(-2)?
3
Let o(y) = -18*y - 14. What is the units digit of o(-3)?
0
Let c(s) = -2*s - 15*s**3 - 10*s**3 + 8*s**3 - 2*s**2 + s. Suppose -5*n + 4*n - 1 = 0. What is the units digit of c(n)?
6
Suppose 5*m = 25, -3*w - 2*m = -7*m + 46. What is the units digit of ((-30)/(-35))/((-1)/w)?
6
Suppose -s + 0*s = 0. Let q(p) = -3 + s - 3*p - 3. What is the units digit of q(-5)?
9
Let b = -6 + 108. What is the units digit of b?
2
Let q be -5 + 4 - (-2)/2. Suppose -y - 4*p = -18, -6 - 11 = -4*y - 5*p. What is the units digit of 1 + q + y/(-1)?
3
What is the units digit of (-138)/(-18) + -7 - (-122)/6?
1
Suppose 0*d = -2*d + 5*r - 27, d + 6 = r. Let b be (5 + 0)/(0 - d). Let n = b + -3. What is the units digit of n?
2
Let o = 68 - 36. What is the tens digit of o?
3
Let l = 1 - 0. What is the units digit of 11 - (0/(-2))/l?
1
Suppose -15 = -2*z + 7. What is the units digit of z?
1
Suppose 2*g + 1 = 9. Suppose -g*w = -4*y + 12, y + 0 = -3*w + 11. Suppose 0 = -b - w*b + 21. What is the units digit of b?
7
Suppose 0 = 2*n + 4 + 12. Let a = n - -13. Let s = a - -5. What is the units digit of s?
0
What is the tens digit of (-2)/6*(-569 + 40/5)?
8
Let v = 5 + 0. Let y(z) = -6*z**2 - 7*z + 1. Let i(n) = -n**2 - n. Let q(m) = v*i(m) - y(m). What is the units digit of q(-4)?
7
Suppose 7*o + 65 = 2*o. Let f(h) = -h - 10. Let y be f(-5). Let b = y - o. What is the units digit of b?
8
Suppose -14 = -4*f + p, 0 = 2*f - p - 3*p. Suppose 5 + 11 = f*r. What is the units digit of r?
4
What is the tens digit of (-3*7 + 2)*-1?
1
Let a(s) = -3*s - 55. Let j(v) = -13*v - 221. Let c(x) = -9*a(x) + 2*j(x). Let l be c(0). Suppose r = -5*h - 7, 5*r = 4*h - 1 + l. What is the units digit of r?
8
Suppose -290 = -2*z - 0*z. What is the tens digit of z?
4
Suppose 6*i + 20 = i, -144 = -4*w - 5*i. What is the tens digit of w?
4
Let h(s) = s**2 + s + 1. Let n(t) = -t**3 - 11*t**2 - 11*t - 2. Let a(i) = 3*h(i) + n(i). What is the units digit of a(-7)?
8
Let q be 54/8 + 8/32. Let f = 20 + 18. Suppose -3*y = p - 1, p = 3*y + f - q. What is the units digit of p?
6
Suppose -3 - 27 = 5*i. Let l(f) = f**2 + 4*f + 3. What is the units digit of l(i)?
5
Let q(r) = 9*r**2 + 5*r + 4. Let n be q(-2). Let s be -1*(-1 + 1 - -13). Let l = s + n. What is the units digit of l?
7
Let c = -1 + 9. Let m(j) = -2 - 3 + 3*j - 4 - j. What is the units digit of m(c)?
7
Let k(g) be the second derivative of -g**5/20 - g**3/6 + 9*g**2/2 - 3*g. Let f be k(0). Suppose -2*j + 19 = -f. What is the tens digit of j?
1
Suppose -1592 = -7*m + 424. What is the hundreds digit of m?
2
Suppose q + 14 = -b, -q - 4*b - 36 = q. Let t = q + 11. What is the units digit of t?
1
Let o = 5 + -2. Let q = o + 7. What is the units digit of q?
0
Let n = -110 + 191. What is the tens digit of n?
8
Let c(r) = 32*r**2 + r. What is the units digit of c(2)?
0
Let g(a) = 3*a**2 + a - 2. Let z = -1 - -1. Suppose z*q = 5*q - 2*l + 2, 0 = 5*q + 4*l + 26. What is the units digit of g(q)?
8
Let r = 408 + -115. What is the hundreds digit of r?
2
Let g be (-3 - -3)/(-4 + 2). Let y(a) = -6*a + 4*a**2 + g*a**2 - 2*a + 8 - 3*a**2. What is the units digit of y(8)?
8
What is the tens digit of 3/(-6) - 314/(-4)?
7
Let c(v) = -v**3 - 7*v**2 + v + 9. Let y be c(-7). Suppose 5*x - 8 - 7 = 0. Suppose -y*t - t - x*u + 21 = 0, -5*t - 4*u = -30. What is the units digit of t?
2
Let k(h) = 3*h**2 - 7*h + 2. What is the units digit of k(5)?
2
Let b(g) = g**3 - 18*g**2 + 1. What is the units digit of b(18)?
1
Let r be ((-12)/(-5))/(9/90). What is the tens digit of (1*-3)/(r/(-304))?
3
Let o(w) = -w**3 + 17*w**2 - 17*w + 34. What is the units digit of o(15)?
9
Suppose -2*m - 22 - 28 = -2*p, 4*p = -5*m + 145. What is the units digit of p?
0
Let u = -1 + 35. What is the tens digit of u?
3
Suppose 2 = -2*a + 3*a + 4*g, -4*a - 5*g = -19. Suppose -a = 3*h - 48. What is the units digit of h?
4
Let a = -199 - -327. What is the units digit of a?
8
Let c(y) = -2*y**2 - 7*y - 9. Let m(z) = z**2 + z + 1. Let h(s) = -c(s) - 6*m(s). Let b(a) be the first derivative of h(a). What is the units digit of b(-1)?
9
Let t(s) = 8*s + 6. What is the units digit of t(3)?
0
Let z = -15 - -17. Suppose -z*g + 13 = 5*y - 14, 3*y = -g + 11. What is the units digit of g?
6
Let k = 0 - 3. Let h(v) = 20*v + 4. Let z be h(k). What is the units digit of (-4)/(-14) - 320/z?
6
Suppose 5 + 1 = -j. What is the units digit of (-2)/(j/9) - 2?
1
Let n(v) = v**3 - v**2 - v + 4. Let y be n(0). Suppose 0 = r - y - 13. What is the tens digit of r?
1
Suppose 0 = w - 3*b + 1 - 7, 2*w + 5*b - 1 = 0. Suppose 0*j = w*j - 54. What is the units digit of j?
8
Suppose 3*a + 64 = 4*k, 5*k = -5*a + 3*a + 80. What is the tens digit of k?
1
Let m = -44 + 20. Let p = -17 - m. What is the units digit of p?
7
Let r be 44/(-12) - (-1)/(-3). Let j(a) = 3*a - 3. Let y be j(r). What is the units digit of ((-20)/y)/((-2)/(-18))?
2
Let n(t) = 31*t - 1. Let v be n(1). Let b = -19 + v. What is the tens digit of b?
1
What is the units digit of 1270/30 + (-8)/6?
1
Suppose -42 = -3*v + 33. What is the units digit of v?
5
Let h(t) = 29*t - 3. What is the tens digit of h(3)?
8
Let l(c) be the first derivative of -c**4/4 + 5*c**3/3 + 4*c**2 - 3*c + 2. What is the units digit of l(6)?
9
What is the units digit of 22 - (-7 - -4) - -1?
6
Let x(a) be the third derivative of -a**5/30 - a**4/6 - a**3/2 + 4*a**2. Let i be x(-4). Let d = -7 - i. What is the tens digit of d?
1
Suppose -3*q + 3*o = -3, -5*o = 5*q - 3*o + 16. Let z be 1/(q - 11/(-5)). Let x = z - 2. What is the units digit of x?
3
Suppose 0*z - 5*z - 2*p = -272, -2*z + p + 107 = 0. What is the tens digit of z?
5
Let i = -8 + 14. Suppose k = 3 + i. What is the units digit of k?
9
Let y be (-5 - -1)/((-4)/(-2)). Let o = y + -1. Let c(n) = -7*n - 3. What is the units digit of c(o)?
8
What is the tens digit of (-570)/(-20) + (-6)/(-4)?
3
What is the tens digit of 544/(-20)*(-5)/2?
6
Let f(l) = -l**2 - 2*l + 6. Let q be 2/4*(-6)/(-1). Let g(y) = y**2 + y - 5. Let k(r) = q*g(r) + 2*f(r). What is the units digit of k(3)?
3
Let